{"id":4368,"date":"2022-12-13T08:59:18","date_gmt":"2022-12-13T08:59:18","guid":{"rendered":"https:\/\/aicqpiemonte.it\/?page_id=4368"},"modified":"2023-01-27T10:18:06","modified_gmt":"2023-01-27T10:18:06","slug":"la-storia","status":"publish","type":"page","link":"https:\/\/aicqpiemonte.it\/index.php\/chi-siamo\/la-storia\/","title":{"rendered":"La storia"},"content":{"rendered":"\t\t<div data-elementor-type=\"wp-page\" data-elementor-id=\"4368\" class=\"elementor elementor-4368\">\n\t\t\t\t\t\t\t\t\t<section class=\"elementor-section elementor-top-section elementor-element elementor-element-c685c46 elementor-section-boxed elementor-section-height-default elementor-section-height-default\" data-id=\"c685c46\" data-element_type=\"section\">\n\t\t\t\t\t\t<div class=\"elementor-container elementor-column-gap-default\">\n\t\t\t\t\t<div class=\"elementor-column elementor-col-100 elementor-top-column elementor-element elementor-element-05a9b7d\" data-id=\"05a9b7d\" data-element_type=\"column\">\n\t\t\t<div class=\"elementor-widget-wrap elementor-element-populated\">\n\t\t\t\t\t\t\t\t<div class=\"elementor-element elementor-element-ff5bff4 elementor-widget elementor-widget-heading\" data-id=\"ff5bff4\" data-element_type=\"widget\" data-widget_type=\"heading.default\">\n\t\t\t\t<div class=\"elementor-widget-container\">\n\t\t\t<style>\/*! elementor - v3.18.0 - 20-12-2023 *\/\n.elementor-heading-title{padding:0;margin:0;line-height:1}.elementor-widget-heading .elementor-heading-title[class*=elementor-size-]>a{color:inherit;font-size:inherit;line-height:inherit}.elementor-widget-heading .elementor-heading-title.elementor-size-small{font-size:15px}.elementor-widget-heading .elementor-heading-title.elementor-size-medium{font-size:19px}.elementor-widget-heading .elementor-heading-title.elementor-size-large{font-size:29px}.elementor-widget-heading .elementor-heading-title.elementor-size-xl{font-size:39px}.elementor-widget-heading .elementor-heading-title.elementor-size-xxl{font-size:59px}<\/style><h2 class=\"elementor-heading-title elementor-size-default\">La storia di un\u2019idea<\/h2>\t\t<\/div>\n\t\t\t\t<\/div>\n\t\t\t\t<div class=\"elementor-element elementor-element-2c51663 elementor-widget elementor-widget-text-editor\" data-id=\"2c51663\" data-element_type=\"widget\" data-widget_type=\"text-editor.default\">\n\t\t\t\t<div class=\"elementor-widget-container\">\n\t\t\t<style>\/*! elementor - v3.18.0 - 20-12-2023 *\/\n.elementor-widget-text-editor.elementor-drop-cap-view-stacked .elementor-drop-cap{background-color:#69727d;color:#fff}.elementor-widget-text-editor.elementor-drop-cap-view-framed .elementor-drop-cap{color:#69727d;border:3px solid;background-color:transparent}.elementor-widget-text-editor:not(.elementor-drop-cap-view-default) .elementor-drop-cap{margin-top:8px}.elementor-widget-text-editor:not(.elementor-drop-cap-view-default) .elementor-drop-cap-letter{width:1em;height:1em}.elementor-widget-text-editor .elementor-drop-cap{float:left;text-align:center;line-height:1;font-size:50px}.elementor-widget-text-editor .elementor-drop-cap-letter{display:inline-block}<\/style>\t\t\t\t<p>All\u2019inizio era la Qualit\u00e0 dei prodotti e quindi dei processi di produzione e di progetto.<br \/>Poi la Qualit\u00e0 dei servizi e quindi dei processi in generale.<br \/>La presa di coscienza del forte legame tra Qualit\u00e0 dei processi e riduzione dei costi e tempi di esecuzione ha portato ad associare all\u2019idea di Qualit\u00e0 quella di \u201c<strong>efficienza<\/strong>\u201c.<\/p><p>L\u2019assunzione della Qualit\u00e0 a variabile competitiva ha portato alla definizione del concetto di \u201c<strong>miglioramento continuo<\/strong>\u201c.<br \/>La crescente consapevolezza della valenza universale della Qualit\u00e0 nelle sue diverse accezioni ha visto progressivamente coinvolti anche i servizi pubblici e la Pubblica Amministrazione.<\/p><p>Si pu\u00f2 affermare che ormai ogni aspetto della vita organizzata \u00e8 interessato e messo alla prova dall\u2019evoluzione della cultura della Qualit\u00e0.<br \/>E\u2019 in questo contesto che opera AICQ, continuando ad aiutare le organizzazioni, pubbliche e private, ad affrontare la sfida della Qualit\u00e0, nell\u2019interesse dell\u2019economia del Paese e della Qualit\u00e0 della vita di tutti.<\/p>\t\t\t\t\t\t<\/div>\n\t\t\t\t<\/div>\n\t\t\t\t\t<\/div>\n\t\t<\/div>\n\t\t\t\t\t\t\t<\/div>\n\t\t<\/section>\n\t\t\t\t<section class=\"elementor-section elementor-top-section elementor-element elementor-element-958f33a elementor-section-boxed elementor-section-height-default elementor-section-height-default\" data-id=\"958f33a\" data-element_type=\"section\">\n\t\t\t\t\t\t<div class=\"elementor-container elementor-column-gap-default\">\n\t\t\t\t\t<div class=\"elementor-column elementor-col-100 elementor-top-column elementor-element elementor-element-2132005\" data-id=\"2132005\" data-element_type=\"column\">\n\t\t\t<div class=\"elementor-widget-wrap elementor-element-populated\">\n\t\t\t\t\t\t\t\t<div class=\"elementor-element elementor-element-6767d11 elementor-widget elementor-widget-heading\" data-id=\"6767d11\" data-element_type=\"widget\" data-widget_type=\"heading.default\">\n\t\t\t\t<div class=\"elementor-widget-container\">\n\t\t\t<h2 class=\"elementor-heading-title elementor-size-default\"><strong>L\u2019AICQ in Italia<\/strong><\/h2>\t\t<\/div>\n\t\t\t\t<\/div>\n\t\t\t\t<div class=\"elementor-element elementor-element-ab12393 elementor-widget elementor-widget-text-editor\" data-id=\"ab12393\" data-element_type=\"widget\" data-widget_type=\"text-editor.default\">\n\t\t\t\t<div class=\"elementor-widget-container\">\n\t\t\t\t\t\t\t<p>AICQ (inizialmente Associazione Italiana per il Controllo della Qualit\u00e0) nasce a Milano l\u201911 maggio 1955 per opera di un piccolo gruppo di esperti, studiosi, industriali, manager e tecnici che gi\u00e0 da alcuni anni \u2013 sotto l\u2019egida del Comitato Nazionale della Produttivit\u00e0, alle dipendenze del Consiglio dei Ministri \u2013 si erano riuniti per diffondere i metodi del controllo della Qualit\u00e0 nei processi produttivi e nei servizi.<br \/>All\u2019atto della costituzione l\u2019ingegner Carlo Rossi, allora direttore dell\u2019UNI, viene eletto Presidente della neonata Associazione.<\/p>\t\t\t\t\t\t<\/div>\n\t\t\t\t<\/div>\n\t\t\t\t\t<\/div>\n\t\t<\/div>\n\t\t\t\t\t\t\t<\/div>\n\t\t<\/section>\n\t\t\t\t<section class=\"elementor-section elementor-top-section elementor-element elementor-element-cd5c038 elementor-section-boxed elementor-section-height-default elementor-section-height-default\" data-id=\"cd5c038\" data-element_type=\"section\">\n\t\t\t\t\t\t<div class=\"elementor-container elementor-column-gap-default\">\n\t\t\t\t\t<div class=\"elementor-column elementor-col-100 elementor-top-column elementor-element elementor-element-2b85581\" data-id=\"2b85581\" data-element_type=\"column\">\n\t\t\t<div class=\"elementor-widget-wrap elementor-element-populated\">\n\t\t\t\t\t\t\t\t<div class=\"elementor-element elementor-element-0e718a8 elementor-widget elementor-widget-heading\" data-id=\"0e718a8\" data-element_type=\"widget\" data-widget_type=\"heading.default\">\n\t\t\t\t<div class=\"elementor-widget-container\">\n\t\t\t<h2 class=\"elementor-heading-title elementor-size-default\">L\u2019AICQ Piemontese<\/h2>\t\t<\/div>\n\t\t\t\t<\/div>\n\t\t\t\t<div class=\"elementor-element elementor-element-00489ed elementor-widget elementor-widget-text-editor\" data-id=\"00489ed\" data-element_type=\"widget\" data-widget_type=\"text-editor.default\">\n\t\t\t\t<div class=\"elementor-widget-container\">\n\t\t\t\t\t\t\t<p>Nasce a Torino nel 1955, come sezione dell\u2019<strong>A<\/strong>ssociazione <strong>I<\/strong>taliana per il <strong>C<\/strong>ontrollo della <strong>Q<\/strong>ualit\u00e0. Nel 1982 assume l\u2019attuale assetto di Confederata Piemontese di AICQ, con competenza anche per la Val d\u2019Aosta. Ad oggi, ad essa aderiscono circa 260 Soci, rappresentanti imprese industriali e di servizi, organizzazioni pubbliche e private, professionisti.<br \/>La sua finalit\u00e0 \u00e8 di promuovere, favorire e realizzare lo studio, lo sviluppo e l\u2019applicazione delle metodologie e dei sistemi per il miglioramento della cultura della qualit\u00e0.<\/p><p>Se si esamina la composizione dei 16 soci fondatori e successivamente quella, per esempio, dei componenti del Consiglio Nazionale 1967-69 (e dei corrispondenti Consigli delle Sezioni di Milano e Piemontese), appare una nettissima prevalenza della grande industria manifatturiera: <strong>Fiat<\/strong>, <strong>Fece Standard<\/strong>, <strong>Montacatini Edison<\/strong>, <strong>Pirelli<\/strong>, <strong>Necchi<\/strong>, <strong>Falck<\/strong>, <strong>Ignis<\/strong>, <strong>SGS<\/strong>,\u00a0 <strong>Riv-SKF<\/strong>, <strong>Olivetti<\/strong>, <strong>Telettra<\/strong>\u2026<\/p><p>Nel 1956 AICQ partecipa alla creazione dello <strong>European Organization for Quality (EOQ)<\/strong>, di cui resta membro fondatore, estendendo cos\u00ec la propria attivit\u00e0 in ambito internazionale.<br \/>Dal 1982 AICQ assume l\u2019attuale struttura di <strong>Federazione<\/strong> formata da un\u2019<strong>Associazione Nazionale<\/strong> e sette <strong>Associazioni Territoriali<\/strong>.<\/p><p>In tutti questi anni AICQ ha saputo creare una fitta rete di scambi e relazioni con ministeri, universit\u00e0, associazioni di categoria, gruppi di studio e ricerca.<br \/>Nel frattempo ha proseguito la sua azione all\u2019estero, insieme alle analoghe organizzazioni europee ed internazionali impegnate a sviluppare la cultura della Qualit\u00e0.<\/p><p>I soci dell\u2019Associazione, suddivisi in Soci individuali, collettivi e sostenitori, sono cresciuti regolarmente nel corso del tempo, fino agli anni Novanta, in cui si \u00e8 verificata una notevole accelerazione delle adesioni, in linea con l\u2019evoluzione culturale del nostro Paese e l\u2019enfasi su sistemi di gestione qualit\u00e0 e certificazione.<br \/>Negli ultimi anni si assiste ad una fase di maggiore maturit\u00e0 e selettivit\u00e0 legata alle crisi e alle trasformazioni che stanno interessando profondamente il mondo economico.<\/p>\t\t\t\t\t\t<\/div>\n\t\t\t\t<\/div>\n\t\t\t\t\t<\/div>\n\t\t<\/div>\n\t\t\t\t\t\t\t<\/div>\n\t\t<\/section>\n\t\t\t\t\t\t\t<\/div>\n\t\t","protected":false},"excerpt":{"rendered":"<p>La storia di un\u2019idea All\u2019inizio era la Qualit\u00e0 dei prodotti e quindi dei processi di produzione e di progetto.Poi la Qualit\u00e0 dei servizi e quindi dei processi in generale.La presa di coscienza del forte legame tra Qualit\u00e0 dei processi e riduzione dei costi e tempi di esecuzione ha portato ad associare all\u2019idea di Qualit\u00e0 quella [&hellip;]<\/p>\n","protected":false},"author":1,"featured_media":12687,"parent":16370,"menu_order":1,"comment_status":"closed","ping_status":"closed","template":"","meta":{"inline_featured_image":false,"footnotes":""},"class_list":["post-4368","page","type-page","status-publish","has-post-thumbnail","hentry"],"_links":{"self":[{"href":"https:\/\/aicqpiemonte.it\/index.php\/wp-json\/wp\/v2\/pages\/4368","targetHints":{"allow":["GET"]}}],"collection":[{"href":"https:\/\/aicqpiemonte.it\/index.php\/wp-json\/wp\/v2\/pages"}],"about":[{"href":"https:\/\/aicqpiemonte.it\/index.php\/wp-json\/wp\/v2\/types\/page"}],"author":[{"embeddable":true,"href":"https:\/\/aicqpiemonte.it\/index.php\/wp-json\/wp\/v2\/users\/1"}],"replies":[{"embeddable":true,"href":"https:\/\/aicqpiemonte.it\/index.php\/wp-json\/wp\/v2\/comments?post=4368"}],"version-history":[{"count":18,"href":"https:\/\/aicqpiemonte.it\/index.php\/wp-json\/wp\/v2\/pages\/4368\/revisions"}],"predecessor-version":[{"id":16344,"href":"https:\/\/aicqpiemonte.it\/index.php\/wp-json\/wp\/v2\/pages\/4368\/revisions\/16344"}],"up":[{"embeddable":true,"href":"https:\/\/aicqpiemonte.it\/index.php\/wp-json\/wp\/v2\/pages\/16370"}],"wp:featuredmedia":[{"embeddable":true,"href":"https:\/\/aicqpiemonte.it\/index.php\/wp-json\/wp\/v2\/media\/12687"}],"wp:attachment":[{"href":"https:\/\/aicqpiemonte.it\/index.php\/wp-json\/wp\/v2\/media?parent=4368"}],"curies":[{"name":"wp","href":"https:\/\/api.w.org\/{rel}","templated":true}]}}

<div data-elementor-type="wp-page" data-elementor-id="4368" class="elementor elementor-4368">
									<section class="elementor-section elementor-top-section elementor-element elementor-element-c685c46 elementor-section-boxed elementor-section-height-default elementor-section-height-default" data-id="c685c46" data-element_type="section">
						<div class="elementor-container elementor-column-gap-default">
					<div class="elementor-column elementor-col-100 elementor-top-column elementor-element elementor-element-05a9b7d" data-id="05a9b7d" data-element_type="column">
			<div class="elementor-widget-wrap elementor-element-populated">
								<div class="elementor-element elementor-element-ff5bff4 elementor-widget elementor-widget-heading" data-id="ff5bff4" data-element_type="widget" data-widget_type="heading.default">
				<div class="elementor-widget-container">
			<style>/*! elementor - v3.18.0 - 20-12-2023 */
.elementor-heading-title{padding:0;margin:0;line-height:1}.elementor-widget-heading .elementor-heading-title[class*=elementor-size-]>a{color:inherit;font-size:inherit;line-height:inherit}.elementor-widget-heading .elementor-heading-title.elementor-size-small{font-size:15px}.elementor-widget-heading .elementor-heading-title.elementor-size-medium{font-size:19px}.elementor-widget-heading .elementor-heading-title.elementor-size-large{font-size:29px}.elementor-widget-heading .elementor-heading-title.elementor-size-xl{font-size:39px}.elementor-widget-heading .elementor-heading-title.elementor-size-xxl{font-size:59px}</style><h2 class="elementor-heading-title elementor-size-default">La storia di un’idea</h2>		</div>
				</div>
				<div class="elementor-element elementor-element-2c51663 elementor-widget elementor-widget-text-editor" data-id="2c51663" data-element_type="widget" data-widget_type="text-editor.default">
				<div class="elementor-widget-container">
			<style>/*! elementor - v3.18.0 - 20-12-2023 */
.elementor-widget-text-editor.elementor-drop-cap-view-stacked .elementor-drop-cap{background-color:#69727d;color:#fff}.elementor-widget-text-editor.elementor-drop-cap-view-framed .elementor-drop-cap{color:#69727d;border:3px solid;background-color:transparent}.elementor-widget-text-editor:not(.elementor-drop-cap-view-default) .elementor-drop-cap{margin-top:8px}.elementor-widget-text-editor:not(.elementor-drop-cap-view-default) .elementor-drop-cap-letter{width:1em;height:1em}.elementor-widget-text-editor .elementor-drop-cap{float:left;text-align:center;line-height:1;font-size:50px}.elementor-widget-text-editor .elementor-drop-cap-letter{display:inline-block}</style>				<p>All’inizio era la Qualità dei prodotti e quindi dei processi di produzione e di progetto.<br />Poi la Qualità dei servizi e quindi dei processi in generale.<br />La presa di coscienza del forte legame tra Qualità dei processi e riduzione dei costi e tempi di esecuzione ha portato ad associare all’idea di Qualità quella di “<strong>efficienza</strong>“.</p><p>L’assunzione della Qualità a variabile competitiva ha portato alla definizione del concetto di “<strong>miglioramento continuo</strong>“.<br />La crescente consapevolezza della valenza universale della Qualità nelle sue diverse accezioni ha visto progressivamente coinvolti anche i servizi pubblici e la Pubblica Amministrazione.</p><p>Si può affermare che ormai ogni aspetto della vita organizzata è interessato e messo alla prova dall’evoluzione della cultura della Qualità.<br />E’ in questo contesto che opera AICQ, continuando ad aiutare le organizzazioni, pubbliche e private, ad affrontare la sfida della Qualità, nell’interesse dell’economia del Paese e della Qualità della vita di tutti.</p>						</div>
				</div>
					</div>
		</div>
							</div>
		</section>
				<section class="elementor-section elementor-top-section elementor-element elementor-element-958f33a elementor-section-boxed elementor-section-height-default elementor-section-height-default" data-id="958f33a" data-element_type="section">
						<div class="elementor-container elementor-column-gap-default">
					<div class="elementor-column elementor-col-100 elementor-top-column elementor-element elementor-element-2132005" data-id="2132005" data-element_type="column">
			<div class="elementor-widget-wrap elementor-element-populated">
								<div class="elementor-element elementor-element-6767d11 elementor-widget elementor-widget-heading" data-id="6767d11" data-element_type="widget" data-widget_type="heading.default">
				<div class="elementor-widget-container">
			<h2 class="elementor-heading-title elementor-size-default"><strong>L’AICQ in Italia</strong></h2>		</div>
				</div>
				<div class="elementor-element elementor-element-ab12393 elementor-widget elementor-widget-text-editor" data-id="ab12393" data-element_type="widget" data-widget_type="text-editor.default">
				<div class="elementor-widget-container">
							<p>AICQ (inizialmente Associazione Italiana per il Controllo della Qualità) nasce a Milano l’11 maggio 1955 per opera di un piccolo gruppo di esperti, studiosi, industriali, manager e tecnici che già da alcuni anni – sotto l’egida del Comitato Nazionale della Produttività, alle dipendenze del Consiglio dei Ministri – si erano riuniti per diffondere i metodi del controllo della Qualità nei processi produttivi e nei servizi.<br />All’atto della costituzione l’ingegner Carlo Rossi, allora direttore dell’UNI, viene eletto Presidente della neonata Associazione.</p>						</div>
				</div>
					</div>
		</div>
							</div>
		</section>
				<section class="elementor-section elementor-top-section elementor-element elementor-element-cd5c038 elementor-section-boxed elementor-section-height-default elementor-section-height-default" data-id="cd5c038" data-element_type="section">
						<div class="elementor-container elementor-column-gap-default">
					<div class="elementor-column elementor-col-100 elementor-top-column elementor-element elementor-element-2b85581" data-id="2b85581" data-element_type="column">
			<div class="elementor-widget-wrap elementor-element-populated">
								<div class="elementor-element elementor-element-0e718a8 elementor-widget elementor-widget-heading" data-id="0e718a8" data-element_type="widget" data-widget_type="heading.default">
				<div class="elementor-widget-container">
			<h2 class="elementor-heading-title elementor-size-default">L’AICQ Piemontese</h2>		</div>
				</div>
				<div class="elementor-element elementor-element-00489ed elementor-widget elementor-widget-text-editor" data-id="00489ed" data-element_type="widget" data-widget_type="text-editor.default">
				<div class="elementor-widget-container">
							<p>Nasce a Torino nel 1955, come sezione dell’<strong>A</strong>ssociazione <strong>I</strong>taliana per il <strong>C</strong>ontrollo della <strong>Q</strong>ualità. Nel 1982 assume l’attuale assetto di Confederata Piemontese di AICQ, con competenza anche per la Val d’Aosta. Ad oggi, ad essa aderiscono circa 260 Soci, rappresentanti imprese industriali e di servizi, organizzazioni pubbliche e private, professionisti.<br />La sua finalità è di promuovere, favorire e realizzare lo studio, lo sviluppo e l’applicazione delle metodologie e dei sistemi per il miglioramento della cultura della qualità.</p><p>Se si esamina la composizione dei 16 soci fondatori e successivamente quella, per esempio, dei componenti del Consiglio Nazionale 1967-69 (e dei corrispondenti Consigli delle Sezioni di Milano e Piemontese), appare una nettissima prevalenza della grande industria manifatturiera: <strong>Fiat</strong>, <strong>Fece Standard</strong>, <strong>Montacatini Edison</strong>, <strong>Pirelli</strong>, <strong>Necchi</strong>, <strong>Falck</strong>, <strong>Ignis</strong>, <strong>SGS</strong>,  <strong>Riv-SKF</strong>, <strong>Olivetti</strong>, <strong>Telettra</strong>…</p><p>Nel 1956 AICQ partecipa alla creazione dello <strong>European Organization for Quality (EOQ)</strong>, di cui resta membro fondatore, estendendo così la propria attività in ambito internazionale.<br />Dal 1982 AICQ assume l’attuale struttura di <strong>Federazione</strong> formata da un’<strong>Associazione Nazionale</strong> e sette <strong>Associazioni Territoriali</strong>.</p><p>In tutti questi anni AICQ ha saputo creare una fitta rete di scambi e relazioni con ministeri, università, associazioni di categoria, gruppi di studio e ricerca.<br />Nel frattempo ha proseguito la sua azione all’estero, insieme alle analoghe organizzazioni europee ed internazionali impegnate a sviluppare la cultura della Qualità.</p><p>I soci dell’Associazione, suddivisi in Soci individuali, collettivi e sostenitori, sono cresciuti regolarmente nel corso del tempo, fino agli anni Novanta, in cui si è verificata una notevole accelerazione delle adesioni, in linea con l’evoluzione culturale del nostro Paese e l’enfasi su sistemi di gestione qualità e certificazione.<br />Negli ultimi anni si assiste ad una fase di maggiore maturità e selettività legata alle crisi e alle trasformazioni che stanno interessando profondamente il mondo economico.</p>						</div>
				</div>
					</div>
		</div>
							</div>
		</section>
							</div>

<p>La storia di un’idea All’inizio era la Qualità dei prodotti e quindi dei processi di produzione e di progetto.Poi la Qualità dei servizi e quindi dei processi in generale.La presa di coscienza del forte legame tra Qualità dei processi e riduzione dei costi e tempi di esecuzione ha portato ad associare all’idea di Qualità quella [&hellip;]</p>
